{"id":12,"date":"2021-06-15T23:01:51","date_gmt":"2021-06-16T02:01:51","guid":{"rendered":"https:\/\/fariart.com.br\/blog\/?page_id=12"},"modified":"2022-06-09T23:40:29","modified_gmt":"2022-06-10T02:40:29","slug":"sobre","status":"publish","type":"page","link":"https:\/\/fariart.com.br\/blog\/sobre\/","title":{"rendered":"Sobre"},"content":{"rendered":"\n<p>O Blog da <strong>Fariart<\/strong> \u00e9 uma ideia congelada durante 10 anos. O conte\u00fado sobre <strong>desenvolvimento web<\/strong> era um pouco escasso na \u00e9poca, e quer\u00edamos contribuir com uma web mais bonita n\u00e3o s\u00f3 atrav\u00e9s de f\u00f3runs, quer\u00edamos um local refer\u00eancia onde desenvolvedores iniciantes correriam quando estivessem com problemas.<\/p>\n\n\n\n<figure class=\"wp-block-image size-large is-style-default\"><img loading=\"lazy\" decoding=\"async\" width=\"1024\" height=\"535\" src=\"https:\/\/fariart.com.br\/blog\/wp-content\/uploads\/2021\/06\/social-base-1024x535.jpg\" alt=\"Fariart Blog\" class=\"wp-image-145\" srcset=\"https:\/\/fariart.com.br\/blog\/wp-content\/uploads\/2021\/06\/social-base-1024x535.jpg 1024w, https:\/\/fariart.com.br\/blog\/wp-content\/uploads\/2021\/06\/social-base-300x157.jpg 300w, https:\/\/fariart.com.br\/blog\/wp-content\/uploads\/2021\/06\/social-base-768x401.jpg 768w, https:\/\/fariart.com.br\/blog\/wp-content\/uploads\/2021\/06\/social-base.jpg 1200w\" sizes=\"auto, (max-width: 1024px) 100vw, 1024px\" \/><\/figure>\n\n\n\n<p>Com o passar dos anos, fomos dando aten\u00e7\u00e3o para projetos e mais projetos e deixamos todos os planos de lado. Por\u00e9m, com a surpresa de 2020, surgiram novos talentos prontos para embarcar na aventura de criar sites, aplicativos, layouts e pe\u00e7as para internet.<\/p>\n\n\n\n<p>Com isso, aproveitamos a oportunidade para lan\u00e7ar artigos que foram rascunhos durante anos, e que ainda s\u00e3o atuais, sobre o <strong>desenvolvimento web<\/strong>.<\/p>\n\n\n\n<p>Muitos de n\u00f3s j\u00e1 passaram por situa\u00e7\u00f5es onde precis\u00e1vamos de uma luz e fomos salvos por f\u00f3runs, artigos e at\u00e9 uma ideia pr\u00f3pria, pensando nisso e nas solu\u00e7\u00f5es que encontramos por conta pr\u00f3pria, decidimos escrever. Afinal, conte\u00fado nunca \u00e9 demais.<\/p>\n","protected":false},"excerpt":{"rendered":"<p>O Blog da Fariart \u00e9 uma ideia congelada durante 10 anos. O conte\u00fado sobre desenvolvimento web era um pouco escasso na \u00e9poca, e quer\u00edamos contribuir com uma web mais bonita n\u00e3o s\u00f3 atrav\u00e9s de f\u00f3runs, quer\u00edamos um local refer\u00eancia onde desenvolvedores iniciantes correriam quando estivessem com problemas. Com o passar dos anos, fomos dando aten\u00e7\u00e3o [&hellip;]<\/p>\n","protected":false},"author":1,"featured_media":369,"parent":0,"menu_order":0,"comment_status":"closed","ping_status":"closed","template":"","meta":{"_monsterinsights_skip_tracking":false,"_monsterinsights_sitenote_active":false,"_monsterinsights_sitenote_note":"","_monsterinsights_sitenote_category":0,"footnotes":""},"class_list":["post-12","page","type-page","status-publish","has-post-thumbnail","hentry"],"aioseo_notices":[],"_links":{"self":[{"href":"https:\/\/fariart.com.br\/blog\/wp-json\/wp\/v2\/pages\/12","targetHints":{"allow":["GET"]}}],"collection":[{"href":"https:\/\/fariart.com.br\/blog\/wp-json\/wp\/v2\/pages"}],"about":[{"href":"https:\/\/fariart.com.br\/blog\/wp-json\/wp\/v2\/types\/page"}],"author":[{"embeddable":true,"href":"https:\/\/fariart.com.br\/blog\/wp-json\/wp\/v2\/users\/1"}],"replies":[{"embeddable":true,"href":"https:\/\/fariart.com.br\/blog\/wp-json\/wp\/v2\/comments?post=12"}],"version-history":[{"count":4,"href":"https:\/\/fariart.com.br\/blog\/wp-json\/wp\/v2\/pages\/12\/revisions"}],"predecessor-version":[{"id":147,"href":"https:\/\/fariart.com.br\/blog\/wp-json\/wp\/v2\/pages\/12\/revisions\/147"}],"wp:featuredmedia":[{"embeddable":true,"href":"https:\/\/fariart.com.br\/blog\/wp-json\/wp\/v2\/media\/369"}],"wp:attachment":[{"href":"https:\/\/fariart.com.br\/blog\/wp-json\/wp\/v2\/media?parent=12"}],"curies":[{"name":"wp","href":"https:\/\/api.w.org\/{rel}","templated":true}]}}